{"id":2800,"date":"2020-12-20T20:43:14","date_gmt":"2020-12-20T19:43:14","guid":{"rendered":"http:\/\/hjornholm.dk\/?post_type=product&#038;p=2800"},"modified":"2024-07-22T11:12:12","modified_gmt":"2024-07-22T10:12:12","slug":"barktaske-pilebark-unika","status":"publish","type":"product","link":"https:\/\/hjornholm.dk\/?product=barktaske-pilebark-unika","title":{"rendered":"Barktaske, pilebark &#8211; unika"},"content":{"rendered":"<p>Unik taske lavet af \u00e9t stykke pilebark, syet sammen i siden med makenge-rod. Kanten er forst\u00e6rket med dugpil, syet fast med makenge-rod. Tasken har l\u00e6derrem.<\/p>\n","protected":false},"excerpt":{"rendered":"<p>H\u00f8jde 41 cm (92 cm inkl. rem). 14&#215;21 cm ved mundingen, 9&#215;23 i bunden.<\/p>\n","protected":false},"featured_media":2793,"template":"","meta":{"advanced_seo_description":"","jetpack_seo_html_title":"","jetpack_seo_noindex":false},"product_brand":[],"product_cat":[43],"product_tag":[],"class_list":{"0":"post-2800","1":"product","2":"type-product","3":"status-publish","4":"has-post-thumbnail","6":"product_cat-tasker","7":"product_shipping_class-1-5","9":"first","10":"instock","11":"taxable","12":"shipping-taxable","13":"purchasable","14":"product-type-simple"},"acf":[],"jetpack_sharing_enabled":true,"_links":{"self":[{"href":"https:\/\/hjornholm.dk\/index.php?rest_route=\/wp\/v2\/product\/2800","targetHints":{"allow":["GET"]}}],"collection":[{"href":"https:\/\/hjornholm.dk\/index.php?rest_route=\/wp\/v2\/product"}],"about":[{"href":"https:\/\/hjornholm.dk\/index.php?rest_route=\/wp\/v2\/types\/product"}],"wp:featuredmedia":[{"embeddable":true,"href":"https:\/\/hjornholm.dk\/index.php?rest_route=\/wp\/v2\/media\/2793"}],"wp:attachment":[{"href":"https:\/\/hjornholm.dk\/index.php?rest_route=%2Fwp%2Fv2%2Fmedia&parent=2800"}],"wp:term":[{"taxonomy":"product_brand","embeddable":true,"href":"https:\/\/hjornholm.dk\/index.php?rest_route=%2Fwp%2Fv2%2Fproduct_brand&post=2800"},{"taxonomy":"product_cat","embeddable":true,"href":"https:\/\/hjornholm.dk\/index.php?rest_route=%2Fwp%2Fv2%2Fproduct_cat&post=2800"},{"taxonomy":"product_tag","embeddable":true,"href":"https:\/\/hjornholm.dk\/index.php?rest_route=%2Fwp%2Fv2%2Fproduct_tag&post=2800"}],"curies":[{"name":"wp","href":"https:\/\/api.w.org\/{rel}","templated":true}]}}