{"id":3305,"date":"2023-12-07T15:44:52","date_gmt":"2023-12-07T14:44:52","guid":{"rendered":"https:\/\/hjornholm.dk\/?product=vaser-lysholdere-opbevaring"},"modified":"2025-11-24T18:14:39","modified_gmt":"2025-11-24T17:14:39","slug":"vaser-lysholdere-opbevaring","status":"publish","type":"product","link":"https:\/\/hjornholm.dk\/?product=vaser-lysholdere-opbevaring","title":{"rendered":"Lille kurv i Burkinaflet"},"content":{"rendered":"<p>Burkinaflettet beholder til mange form\u00e5l (opbevaring, hvidl\u00f8g, din stensamling, lys, sm\u00e5 tomater &#8211; mulighederne er mange&#8230;). Forsk\u00f8nner en kedelig glasvase med blomster !<\/p>\n<p>D. 10 cm, H. 16 cm.<\/p>\n","protected":false},"excerpt":{"rendered":"<p>Burkinaflettet beholder til mange form\u00e5l (opbevaring, hvidl\u00f8g, din stensamling, lys, sm\u00e5 tomater &#8211; mulighederne er mange&#8230;). Forsk\u00f8nner en kedelig glasvase med blomster ! D. 10 cm, H. 16 cm.<\/p>\n","protected":false},"featured_media":3284,"template":"","meta":{"advanced_seo_description":"","jetpack_seo_html_title":"","jetpack_seo_noindex":false},"product_brand":[],"product_cat":[20,113],"product_tag":[],"class_list":{"0":"post-3305","1":"product","2":"type-product","3":"status-publish","4":"has-post-thumbnail","6":"product_cat-kurve","7":"product_cat-opbevaringskurve","8":"product_shipping_class-1-5","10":"first","11":"instock","12":"taxable","13":"shipping-taxable","14":"purchasable","15":"product-type-simple"},"acf":[],"jetpack_sharing_enabled":true,"_links":{"self":[{"href":"https:\/\/hjornholm.dk\/index.php?rest_route=\/wp\/v2\/product\/3305","targetHints":{"allow":["GET"]}}],"collection":[{"href":"https:\/\/hjornholm.dk\/index.php?rest_route=\/wp\/v2\/product"}],"about":[{"href":"https:\/\/hjornholm.dk\/index.php?rest_route=\/wp\/v2\/types\/product"}],"wp:featuredmedia":[{"embeddable":true,"href":"https:\/\/hjornholm.dk\/index.php?rest_route=\/wp\/v2\/media\/3284"}],"wp:attachment":[{"href":"https:\/\/hjornholm.dk\/index.php?rest_route=%2Fwp%2Fv2%2Fmedia&parent=3305"}],"wp:term":[{"taxonomy":"product_brand","embeddable":true,"href":"https:\/\/hjornholm.dk\/index.php?rest_route=%2Fwp%2Fv2%2Fproduct_brand&post=3305"},{"taxonomy":"product_cat","embeddable":true,"href":"https:\/\/hjornholm.dk\/index.php?rest_route=%2Fwp%2Fv2%2Fproduct_cat&post=3305"},{"taxonomy":"product_tag","embeddable":true,"href":"https:\/\/hjornholm.dk\/index.php?rest_route=%2Fwp%2Fv2%2Fproduct_tag&post=3305"}],"curies":[{"name":"wp","href":"https:\/\/api.w.org\/{rel}","templated":true}]}}