{"id":3752,"date":"2025-12-05T19:42:44","date_gmt":"2025-12-05T18:42:44","guid":{"rendered":"https:\/\/hjornholm.dk\/?post_type=product&#038;p=3752"},"modified":"2026-01-05T18:09:09","modified_gmt":"2026-01-05T17:09:09","slug":"mellem-fuglefoderhus","status":"publish","type":"product","link":"https:\/\/hjornholm.dk\/?product=mellem-fuglefoderhus","title":{"rendered":"Mellem fuglefoderhus"},"content":{"rendered":"<p>Bundplade \u00d827cm, udh\u00e6ng \u00d860cm, H: 75cm.<\/p>\n","protected":false},"excerpt":{"rendered":"<p>Bundplade \u00d827cm, udh\u00e6ng \u00d860cm, H: 75cm.<\/p>\n","protected":false},"featured_media":3760,"template":"","meta":{"advanced_seo_description":"","jetpack_seo_html_title":"","jetpack_seo_noindex":false},"product_brand":[],"product_cat":[44],"product_tag":[],"class_list":{"0":"post-3752","1":"product","2":"type-product","3":"status-publish","4":"has-post-thumbnail","6":"product_cat-foderhus","7":"product_shipping_class-5-10","9":"first","10":"instock","11":"taxable","12":"shipping-taxable","13":"purchasable","14":"product-type-simple"},"acf":[],"jetpack_sharing_enabled":true,"_links":{"self":[{"href":"https:\/\/hjornholm.dk\/index.php?rest_route=\/wp\/v2\/product\/3752","targetHints":{"allow":["GET"]}}],"collection":[{"href":"https:\/\/hjornholm.dk\/index.php?rest_route=\/wp\/v2\/product"}],"about":[{"href":"https:\/\/hjornholm.dk\/index.php?rest_route=\/wp\/v2\/types\/product"}],"wp:featuredmedia":[{"embeddable":true,"href":"https:\/\/hjornholm.dk\/index.php?rest_route=\/wp\/v2\/media\/3760"}],"wp:attachment":[{"href":"https:\/\/hjornholm.dk\/index.php?rest_route=%2Fwp%2Fv2%2Fmedia&parent=3752"}],"wp:term":[{"taxonomy":"product_brand","embeddable":true,"href":"https:\/\/hjornholm.dk\/index.php?rest_route=%2Fwp%2Fv2%2Fproduct_brand&post=3752"},{"taxonomy":"product_cat","embeddable":true,"href":"https:\/\/hjornholm.dk\/index.php?rest_route=%2Fwp%2Fv2%2Fproduct_cat&post=3752"},{"taxonomy":"product_tag","embeddable":true,"href":"https:\/\/hjornholm.dk\/index.php?rest_route=%2Fwp%2Fv2%2Fproduct_tag&post=3752"}],"curies":[{"name":"wp","href":"https:\/\/api.w.org\/{rel}","templated":true}]}}